8*m - 19239. What is q(42)?
-3
Let o(t) = -2366*t + 596227. Give o(252).
-5
Let v(r) = -32911*r + 329205. Calculate v(10).
95
Let g(o) = 1991*o + 89530. Calculate g(-45).
-65
Let n(q) = -5*q**3 + 99*q**2 + 259*q - 293. Determine n(22).
81
Let y(b) = b**3 - 6*b**2 - 3912*b + 23522. Give y(6).
50
Let s(m) = m**3 + 78*m**2 + 1987*m + 111973. Calculate s(-72).
13
Let b(u) = -u**2 - 62*u + 245. Calculate b(-52).
765
Let w(v) = -v**3 + 523*v**2 - 2077*v - 11. Give w(4).
-15
Let f(b) = -b**2 - 73*b + 269. Give f(-74).
195
Let w(c) = c**2 + 12865*c - 193219. Determine w(15).
-19
Let g(t) = -t**3 - 59*t**2 - 73*t - 1221. Determine g(-58).
-351
Let k(b) = -4*b**3 + 64*b**2 + b - 460. Determine k(15).
455
Let b(g) = -1667*g - 4239. Calculate b(-4).
2429
Let z(x) = -16141*x + 903889. Calculate z(56).
-7
Let k(m) = -8*m**3 + 3*m**2 + 10*m - 1. Determine k(4).
-425
Let y(d) = -2*d**2 - 54*d + 2242. What is y(27)?
-674
Let u(q) = -q**3 + 147*q**2 + 18*q - 2671. Give u(147).
-25
Let v(b) = -398314*b + 398354. Give v(1).
40
Let o(h) = 2*h**2 - 41932*h - 2143733. Determine o(-51).
1
Let m(g) = -3*g**2 + 1036*g + 5266. Calculate m(-5).
11
Let l(w) = -12830*w - 551662. Determine l(-43).
28
Let f(h) = -11990*h + 71935. Calculate f(6).
-5
Let b(t) = -t**3 - 35*t**2 + 488*t - 107. Calculate b(-47).
3465
Let p(r) = -4*r**2 + 48581*r - 194303. Calculate p(4).
-43
Let g(o) = -3*o**3 - 2937*o**2 + 5586*o - 294303. What is g(-981)?
-3
Let m(f) = f**2 + 6983*f - 27950. Determine m(4).
-2
Let n(i) = -i**3 + i**2 - 114*i - 2263. Calculate n(-10).
-23
Let s(x) = -x**3 + 57*x**2 + 66*x - 753. Determine s(58).
-289
Let s(z) = -35*z**2 - 3922*z + 290629. Calculate s(-163).
0
Let i(g) = -927*g - 129858. What is i(-140)?
-78
Let x(c) = -1317*c + 7187. Give x(5).
602
Let h(p) = p**2 - 16785*p - 538145. Give h(-32).
-1
Let o(f) = -f**2 - 8071*f + 64658. Calculate o(8).
26
Let p(m) = -m**2 + 142*m - 1368. Determine p(108).
2304
Let t(v) = v**3 - 36*v**2 + 266*v + 597. Give t(14).
9
Let h(i) = i**2 + 6154*i - 197950. Give h(32).
2
Let w(q) = -272*q + 9579. Calculate w(34).
331
Let v(f) = 2*f**3 + 202*f**2 + 207*f + 168. What is v(-100)?
-532
Let s(l) = 9619*l + 269368. What is s(-28)?
36
Let j(d) = 19*d**2 + 4495*d - 294354. Give j(-290).
-4
Let l(f) = 2*f**2 - 295*f + 9723. Determine l(96).
-165
Let y(i) = 3531*i**2 - 787*i - 787. What is y(-1)?
3531
Let f(b) = 4*b**2 - 1384*b + 119358. Calculate f(164).
-34
Let k(u) = u**3 - 306*u**2 + 624*u - 4846. What is k(304)?
18
Let x(j) = -52*j**3 + 788*j**2 - 56*j - 955. Calculate x(15).
5
Let p(h) = -h**3 - 31*h**2 - 328*h - 1902. Calculate p(-19).
-2
Let r(h) = 3585*h + 4162106. Give r(-1161).
-79
Let x(i) = -2*i**3 + 9*i**2 - 120*i + 407. Calculate x(14).
-4997
Let z(v) = -4*v**3 - 419*v**2 + 56*v - 5138. What is z(-105)?
7
Let u(i) = -22*i + 950. Give u(81).
-832
Let m(r) = 8*r**3 - 53*r**2 - 37*r + 66. What is m(7)?
-46
Let x(p) = -2*p**3 - 84*p**2 + 797*p + 4401. Calculate x(-4).
-3
Let l(j) = -j**2 - 113*j - 3029. Give l(-66).
73
Let z(q) = 220320*q**2 - 1762566*q + 34. Give z(8).
-14
Let p(k) = -k**2 - 163*k + 1378. Give p(-160).
1858
Let u(l) = 112554*l - 19584402. What is u(174)?
-6
Let c(f) = 1614230*f + 12913856. What is c(-8)?
16
Let s(w) = 682*w + 380260. Determine s(-558).
-296
Let u(s) = 856*s**2 - 7698*s - 46. Give u(9).
8
Let p(k) = -5118*k - 45995. Give p(-9).
67
Let o(g) = 10*g + 281. Give o(-28).
1
Let v(g) = -141*g**3 + 2*g**2 - 37*g + 25. Give v(0).
25
Let r(d) = -d**3 - 7*d**2 + 247*d - 258. Calculate r(-20).
2
Let w(m) = -4*m**2 - 49*m + 234. What is w(-15)?
69
Let t(h) = -324*h - 65134. What is t(-202)?
314
Let m(w) = -591*w - 3015. Determine m(-5).
-60
Let p(q) = 62*q - 31037. Give p(500).
-37
Let b(z) = 80*z**2 - 37*z - 7. Determine b(2).
239
Let s(j) = 12311*j - 984514. What is s(80)?
366
Let i(z) = -4*z**3 + 363*z**2 - 255*z - 1402. Give i(90).
-52
Let r(u) = -43364*u - 86738. What is r(-2)?
-10
Let b(j) = 153*j - 8216. Give b(56).
352
Let a(c) = 6*c**3 - 8*c**2 - 243*c - 832. Determine a(-8).
-2472
Let p(q) = -2*q**2 - 143408*q + 430219. Determine p(3).
-23
Let o(k) = 884*k - 80319. What is o(91)?
125
Let j(f) = 32*f**2 - 1731*f + 15171. Determine j(11).
2
Let g(c) = -385*c - 2240. Calculate g(-5).
-315
Let j(m) = -6572*m + 10856965. What is j(1652)?
21
Let a(i) = -191*i**2 - 38003*i + 1224. Give a(-199).
30
Let p(f) = 164*f**2 - 3776*f + 54. Determine p(23).
-38
Let u(v) = -4*v**2 - 114*v - 699. Determine u(-9).
3
Let l(z) = -11908*z - 12025. Determine l(-1).
-117
Let k(n) = 225*n**2 + 3682*n + 67. What is k(-16)?
-1245
Let h(u) = -u**3 - 191*u**2 + 296*u - 17569. Give h(-193).
-199
Let i(t) = 1691*t + 7779. What is i(-5)?
-676
Let x(h) = h**2 + 11125*h - 234072. Calculate x(21).
-6
Let d(q) = -6*q**3 - 193*q**2 - 161*q - 4143. Determine d(-32).
-15
Let t(r) = 8*r**2 - 43*r - 2647. Give t(19).
-576
Let q(u) = 31*u**2 - 368*u - 39. Calculate q(12).
9
Let q(m) = 8*m**3 - 415*m**2 - 13*m - 2363. Determine q(52).
-335
Let g(m) = -27*m**3 + 96*m**2 + 244*m - 28. What is g(-3)?
833
Let o(b) = 28655*b + 315186. Calculate o(-11).
-19
Let g(x) = -x**3 + 25*x**2 - 6*x + 1696. What is g(27)?
76
Let d(y) = -223*y - 7445. Determine d(-26).
-1647
Let m(b) = -418*b + 7658. Calculate m(17).
552
Let c(a) = -a**3 - 17*a**2 + 163*a + 2899. Calculate c(-14).
29
Let d(u) = 20*u**3 - 20*u**2 - 69*u + 73. Give d(1).
4
Let t(h) = 4331*h + 433. Determine t(0).
433
Let r(l) = 38539*l - 847863. What is r(22)?
-5
Let b(f) = -4*f**2 - 65*f + 1990. Calculate b(-34).
-424
Let h(g) = -3*g**3 - 438*g**2 - 445*g - 1486. Give h(-145).
-36
Let k(w) = 2*w**3 - 248*w**2 + 9*w - 671. Calculate k(124).
445
Let g(t) = -79*t**2 + 84*t + 282. What is g(-4)?
-1318
Let m(b) = -2*b**3 + 108*b**2 - 113*b + 12257. Determine m(55).
-8
Let a(v) = -3843*v + 702861. Calculate a(183).
-408
Let t(w) = -10*w**2 - 1538*w - 4586. What is t(-3)?
-62
Let c(h) = 43*h - 12. Calculate c(-11).
-485
Let h(g) = 3*g**2 + 117*g + 76. Calculate h(-19).
-1064
Let s(h) = -h**3 - 314*h**2 + 4593*h + 2. Calculate s(14).
16
Let w(f) = 885*f + 1580. Calculate w(-3).
-1075
Let f(g) = 10*g**3 + 204*g**2 - 19*g + 2246. Give f(-21).
-1
Let g(c) = c**3 - 97*c**2 - 387*c + 77868. Give g(92).
-56
Let f(w) = -2*w**3 + 3*w**2 + 30*w - 425. Give f(0).
-425
Let n(z) = 12096*z + 2455500. Calculate n(-203).
12
Let r(b) = 165*b - 19116. What is r(116)?
24
Let j(m) = 348542*m + 1045567. What is j(-3)?
-59
Let o(u) = -u**3 - 109*u**2 + 218*u - 425. Determine o(-111).
19
Let v(u) = u**3 + 330*u**2 - 2845*u - 47672. Determine v(-338).
-14
Let a(c) = -69496*c + 3266312. Calculate a(47).
0
Let h(u) = 8*u**3 - 54*u**2 - 198*u + 1311. Give h(6).
-93
Let w(g) = g**2 - 82*g + 1351. Determine w(37).
-314
Let y(k) = 7*k**2 + 93*k - 235. What is y(-11)?
-411
Let z(l) = 3*l**2 + 5367*l + 390525. Determine z(-76).
-39
Let x(y) = y**2 + 336*y + 11339. Determine x(-38).
15
Let p(z) = 12045*z - 108549. Calculate p(9).
-144
Let d(r) = 2*r**3 + 34*r**2 + 135*r - 1. Give d(-10).
49
Let y(n) = -n**3 + 58*n**2 + 108*n - 2525. What is y(59)?
366
Let y(p) = 115*p - 17929. What is y(190)?
3921
Let o(y) = -112*y + 5156. Calculate o(44).
228
Let h(p) = 581*p**2 - 336977*p - 1663. What is h(580)?
77
Let u(t) = 382252*t + 12. Determine u(0).
12
Let c(o) = -o**2 - 1341*o + 78. Determine c(0).
78
Let s(h) = -h**3 + 190*h**2 - 7396*h - 1599. Determine s(55).
-4
Let i(c) = -102*c - 7085. Calculate i(-62).
-761
Let m(j) = -j**2 - 2299*j + 2289. Give m(1).
-11
Let h(j) = -3*j**3 + 405*j**2 - 6014*j + 20. Give h(17).
88
Let p(r) = 349*r - 119700. Determine p(343).
7
Let h(y) = 303*y - 15781. What is h(42)?
-3055
Let b(u) = -16*u**2 - 58*u + 179. Give b(-9).
-595
Let b(z) = 4064*z + 2483094. Determine b(-611).
-10
Let g(f) = -24*f**2 - 1282*f + 48555. Determine g(-79).
49
Let j(a) = a**3 - a**2 - 277*a + 1567. What is j(6)?
85
Let c(k) = 26*k**2 + 2987*k - 114. Determine c(-115).
231
Let x(r) = -11*r**3 - 109*r**2 - 92*r - 1122. Calculate x(-10).
-102
Let l(o) = -o**2 - 144*o + 1814. Calculate l(-156).
-58
Let k(u) = 2*u**3 + 47*u**2 + 23*u - 4. Give k(-23).
-4
Let a(t) = -t**3 - 10*t**2 + 72*t - 41. Give a(-15).
4
Let k(w) = 52*w**2 + 340*w - 74. What is k(5)?
2926
Let p(v) = -v**2 - 50*v + 2494. Give p(-70).
1094
Let s(i) = i